/6*a/10. Determine k(p).
12
Let s(q) = -1 + 8 - 4*q**2 + 3*q**2 - 5 - 2*q. Let t = -68 + 63. Give s(t).
-13
Let d(m) = -12*m + 186. Let v be d(15). Let a(s) = 6*s**3 - 10*s**2 - 6*s - 3. Let h(w) = 5*w**3 - 9*w**2 - 6*w - 2. Let k(f) = -4*a(f) + 5*h(f). What is k(v)?
2
Suppose 3*n - 6 = 3*f, -n + 11 = 6*f - 4*f. Let d = -11 + 36. Let c(l) = -18 - 11 - 2*l + 3*l + d. Calculate c(f).
-1
Let z(h) = 4*h + 2. Let p be z(2). Let x(q) = p + 15*q - 3 - 8*q - 10*q. Let k = 0 - -5. Calculate x(k).
-8
Let a(h) be the second derivative of -h**3/3 - h**2 - 20*h. Let z be a(0). Let x(n) = 8*n + 1. Give x(z).
-15
Let o(z) = -10*z**2 - 3*z**2 + 17*z + 10 + 11*z**2. Let u be o(9). Let g(r) = -r**2 + 1. Calculate g(u).
0
Let g(k) = -20*k**3 + 2*k**2 - 3*k + 1. Let d(s) = -41*s**3 + 5*s**2 - 7*s + 2. Let v(i) = 2*d(i) - 5*g(i). Suppose 154 - 198 = -44*n. Give v(n).
18
Let x(l) = l**2 - 6*l + 2. Let n(c) = 2*c**2 - 6*c + 2. Let p(m) = 2*n(m) - 3*x(m). Suppose 6*w = -14*w - 100. Determine p(w).
-7
Let j(y) = 3*y - 2. Let c(z) = -1. Let d(w) = -c(w) + j(w). Let a be (-2 - (3 + -6))*-1. Give d(a).
-4
Let m be ((-8)/2)/(6/(-939)). Let o be m/18 - (-4)/18. Let w be 3/1 - o/7. Let n(k) = -k**3 - 3*k**2 - k + 1. What is n(w)?
-1
Let i(u) = 2*u - 1. Let v be (2/(-8))/((-3)/(47 - -1)). Determine i(v).
7
Suppose 0*o - o = -5*x - 31, -2*o - 16 = 3*x. Let d(y) = y + 8. Determine d(x).
2
Suppose -3*p = -4*x, -7*p + 5*p + 17 = 3*x. Let u(b) = -b**3 + b**2 - 3*b - 1. Calculate u(x).
-28
Let a(j) = -j**3 - 10*j**2 + 1. Let x be a(-10). Let s(r) = 2*r - x + 5*r + 9*r - 6*r. Suppose d + 5 = -2*o, -4 = 4*o + 8. Calculate s(d).
9
Let k(c) be the first derivative of 5*c**2 + 37 + 1/3*c**3 + 2*c. Calculate k(-7).
-19
Let c(j) = -5*j**2 + 5. Let t(h) = -9*h**2 + 11. Let x(o) = 7*c(o) - 4*t(o). Let a be 8 + -3 + 0 + 1. Let z be (-10)/(-15) - 1/(a/4). Give x(z).
-9
Let b(y) = -y**3 - 12*y**2 + 13*y + 3. Let z be b(-13). Suppose -z*o + 1 + 5 = 0. Let g(x) = 2 - 4 - 5*x + 1 + o*x. Give g(-2).
5
Let c = 55 - 29. Let k = c - 23. Let f(s) = 4*s - 3 - k + 7*s - 6*s - s**2. What is f(5)?
-6
Let h(p) = -p + 2*p**3 + 4*p**2 - p**3 - 5 + 0*p. Let k be 5 + -4 + 7*3 + -1. Let x be 4 - 1 - (-14 + k). Determine h(x).
-1
Let x(u) = -2*u**2 - 1028 + u**3 + 2*u**2 + 5*u - 5*u**2 + 1029. Let c(q) = q. Let f be c(4). Calculate x(f).
5
Let l(q) = -6*q + 25. Let n be l(4). Let d(v) = -5 - 2*v + 2 + 4 + 16*v**3 + 0*v**3. Give d(n).
15
Let i(h) = 4*h**2 + 736*h + 736*h - 1473*h + h**3 - 3. Give i(-4).
1
Suppose 5*q = -h - 31, 4*h + 59 + 1 = -4*q. Suppose 7 = -y - 2*t + 30, 62 = 4*y - 2*t. Let f = h + y. Let u(o) = -o**2 + 7*o - 6. Determine u(f).
0
Let i(k) = -3*k. Let g(p) be the first derivative of -p**4/2 + 2*p**3/3 - p + 11. Let d be g(-1). Determine i(d).
-9
Let k(b) = -b**3 - b**2 - b - 4. Suppose -2*h + 23 = 5*w - 48, -3*w = h - 43. Let d = 20 - 5. Let f = d - w. Calculate k(f).
-4
Let h(q) be the second derivative of 7*q**4/12 - 14*q. Let u be 1 + 2*12/8. Suppose -5*i + 18 = -3*w, -17 + 5 = -u*i. What is h(w)?
7
Let z be 28/98*14*2/4. Let t(k) = 3*k + 5*k + 2*k - 2*k**2 - 8*k. Give t(z).
-4
Let y(q) = -q - 3. Suppose 17*j = 16*j - 2. Let v(n) = n**3 + n**2 + n + 2. Let f be v(j). What is y(f)?
1
Let x be 45/6 - (-15)/(-10). Let h(k) be the third derivative of 0*k + 1/24*k**4 - 1/6*k**3 + 0 + 11/120*k**x - 4*k**2 + 0*k**5. What is h(1)?
11
Suppose -2*g - 4*q = -24, -2*q + 4*q = 5*g - 108. Let l(n) = -g + 20 + 7*n. What is l(-1)?
-7
Let t(c) be the first derivative of -c**3/3 - 2*c + 136. Give t(2).
-6
Let y = 179 + -172. Let q(a) = a - 9. Calculate q(y).
-2
Suppose -5*z + 10*z = 5. Let n(b) = -b + 1. Let o(d) = -2*d + 7. Let s(q) = z*o(q) - n(q). Give s(-6).
12
Let m(j) = j**2 + 12*j - 27. Let i = -107 - -93. Let w be m(i). Let p(l) = -5*l**3 + 2*l - 1. Give p(w).
-4
Let k(g) = 2*g**2 + 2*g - 7. Suppose -5*f - 25 = 2*p, 3*p + 27 = 20*f - 24*f. What is k(p)?
33
Let k(s) = -15*s - 11. Let f(c) = -13*c - 9. Let v(x) = 7*f(x) - 6*k(x). Give v(-7).
10
Let b(x) = -x**3 + x**2 - 3*x + 2. Let a be ((-300)/60)/((-18)/4 - -2). Determine b(a).
-8
Let k(c) = 753 + 3*c - 1520 + 762. What is k(5)?
10
Let u(t) be the first derivative of 5*t**4/2 + 17*t**3/3 - 27*t**2/2 - 24*t - 15. Let a(c) = 3*c**3 + 6*c**2 - 9*c - 8. Let m(p) = -7*a(p) + 2*u(p). Give m(-9).
8
Suppose 6*c - 6 = -0*c. Let z(t) = 3*t + 2*t - t - c - t**2 - 3*t. What is z(0)?
-1
Let n = -18 + 21. Let y(x) be the first derivative of -x**4/4 + x**3 + x**2/2 - 2*x + 7. What is y(n)?
1
Let x(p) = -p**2 + 2*p - 4. Let c be x(4). Let i be -2*2/c*12. Let f(m) = -m**3 + 5*m**2 - 4*m - 1. Calculate f(i).
-1
Let p(o) = 25*o + 13. Let z(t) = -4*t - 1. Let b(u) = -p(u) - 6*z(u). Calculate b(-6).
-1
Suppose 30*d = 22*d - 32. Let q(i) be the first derivative of -i**6/360 + 5*i**4/24 + i**3/3 - 1. Let f(g) be the third derivative of q(g). Determine f(d).
-11
Let p(v) be the second derivative of v**4/12 - 5*v**3/3 + 17*v**2/2 - 224*v - 2. What is p(7)?
-4
Let m(w) = w**2 - 6*w - 6. Let o = -13 - -16. Suppose 2*v - o*v + 6 = 0. Determine m(v).
-6
Let a(l) = 6*l**2 - l. Let q(w) = 4*w**2 - 10*w**2 + 5*w**2. Let f(r) = a(r) + 3*q(r). Let d(y) = -y. Let v be d(1). Give f(v).
4
Let p(h) = 39*h**2 + 6*h + 1 - h**3 + 45*h**2 - 78*h**2. Calculate p(7).
-6
Let k be 1 - (0 - 2) - -2. Suppose -2*i + 3 = a - 4, k*i = -a + 10. Let f(b) = b**2 - b - 3*b**2 - i + 10*b**2 - b. Calculate f(-1).
9
Let h(l) = -6*l - 5. Let d(q) = -q - 1. Let b(w) = w - 7. Let a be b(2). Let g be 4 + a + (-2)/(-1). Let r(o) = g*h(o) - 4*d(o). Calculate r(1).
-3
Let r(a) = -a**2 - 8*a - 7. Let l be 8 + (-3 - 9 - 2). Determine r(l).
5
Suppose -35 = 2*u - 5*l, 27 = -3*u + 4*l - 5*l. Let k(n) = -2*n + 3. What is k(u)?
23
Let p(t) = 0*t**2 - t**3 + 269 - 268 + 6*t**2 - t. Let i = -14 + 20. Give p(i).
-5
Suppose 5*q - 10 = 5. Let s(u) = 0*u + 6*u + 14 + u**3 - 2*u - q*u**2 - 16. Suppose 0 = 3*g - 0*g - 6. Calculate s(g).
2
Let m(u) be the second derivative of -u**5/20 - 11*u**4/12 - u**3/6 - 10*u**2 - 281*u. What is m(-11)?
-9
Let d(l) be the third derivative of l**5/20 + l**4/24 - l**3/3 + 53*l**2. Determine d(1).
2
Let r(l) be the third derivative of -l**6/60 + l**5/30 + l**4/8 - l**3/3 + 2*l**2 + 16. Determine r(2).
-4
Let f(c) = -5*c + 33. Let b be f(6). Let w(y) = -11*y + b*y + y**2 + 4 + 0*y**2. Calculate w(5).
-11
Let u(z) be the second derivative of -z**5/20 + 7*z**4/12 - z**3 + 2*z. Suppose -24 = -2*j + 4*g, g + 29 - 8 = 3*j. What is u(j)?
0
Suppose m + 4 = 2*m. Let p(v) be the first derivative of 1/4*v**4 + 12 + 4*v - 2*v**2 - v**3. Calculate p(m).
4
Suppose 0 = 5*h - 15*h - 140. Let d be (-4)/12 - h/6. Let g(l) = 2*l - 3. Calculate g(d).
1
Suppose 9*w - 12 = 3*w. Let b(g) = g**3 - g. Determine b(w).
6
Let c be 4 - (-3 - -3) - 0. Suppose -3*x - 5*t + 0*t = 0, t - 17 = -c*x. Let z(y) = -3*y + 6. Give z(x).
-9
Let h = -8 + 12. Suppose -h = 4*l - 9*l - 3*n, n + 12 = 5*l. Let x(b) = 7*b**l - 8*b**2 - b - 2 + 5*b. Determine x(3).
1
Suppose -6*h - 5*r = -5*h + 21, -5*r = -h + 29. Let f(x) be the third derivative of 4/3*x**3 - 9*x**2 + 1/60*x**5 + 0 - 1/3*x**h + 0*x. What is f(6)?
-4
Suppose 0 = 10*d + 5*d - 405. Let s(r) = -57 + r + 28 - 3*r**2 + d. Give s(2).
-12
Let t(l) = -2*l - 34. Suppose -4822 + 4598 = 14*a. Give t(a).
-2
Let v(s) = -42*s**3 - s**2 + s - 1. Suppose -10*l + 9*l - 5*p = -16, p - 3 = 0. Give v(l).
-43
Let t(x) = -x - 9. Let q(r) = -2*r + 1. Let m(o) = q(o) - t(o). What is m(6)?
4
Let p(d) = -d**3 - 2*d**2 + 49*d + 5. Let f be p(-8). Let i(s) = 6*s**2 + 6*s - 4. Let h(u) = -u**2 - u + 1. Let c(l) = -5*h(l) - i(l). Calculate c(f).
-7
Let h = -398 - -396. Let x(w) = -2*w**3 - 3*w**2 - 4*w - 3. Give x(h).
9
Suppose 5*s - 1 = 4. Let w = 4 + s. Let y(o) = -11*o**3 + 18*o**2 - 26*o - 17. Let i(d) = 4*d**3 - 6*d**2 + 9*d + 6. Let p(x) = 8*i(x) + 3*y(x). What is p(w)?
-8
Let y(a) = -a - 6. Let c(i) = 2*i + 15. Let x(m) = 3*c(m) + 8*y(m). What is x(-4)?
5
Let v(s) be the third derivative of s**8/20160 + s**7/560 - 7*s**6/720 - s**5/4 + 5*s**2. Let b(u) be the third derivative of v(u). Give b(-9).
-7
Let u(p) = -5 - p**2 + 20*p + 6*p - 17*p. Give u(6).
13
Let k(u) = u**2 - 5*u - 1. Let m(b) = -b**2 - 23*b - 19. Let p be m(-22). Suppose -16 = -p*c + q, -2 = -c - 3*q - 0. Give k(c).
-1
Let l(m) 